{"id":171,"date":"2024-10-01T18:45:11","date_gmt":"2024-10-01T18:45:11","guid":{"rendered":"https:\/\/alles-ueber-riffe.de\/?page_id=171"},"modified":"2025-02-06T16:15:10","modified_gmt":"2025-02-06T16:15:10","slug":"pazifischer-fuchshai-alopias-pelagicus","status":"publish","type":"page","link":"https:\/\/alles-ueber-riffe.de\/?page_id=171","title":{"rendered":"Fuchshai"},"content":{"rendered":"\n<div class=\"wp-block-group is-vertical is-layout-flex wp-container-core-group-is-layout-8cf370e7 wp-block-group-is-layout-flex\">\n<p><strong>Pazifischer Fuchshai <\/strong><\/p>\n\n\n\n<p>Tresher Shark<\/p>\n\n\n\n<p><em>(Alopias pelagicus)<\/em><\/p>\n\n\n\n<div style=\"height:50px\" aria-hidden=\"true\" class=\"wp-block-spacer wp-container-content-b30579f5\"><\/div>\n\n\n\n<figure class=\"wp-block-video\"><video height=\"576\" style=\"aspect-ratio: 1024 \/ 576;\" width=\"1024\" controls src=\"https:\/\/alles-ueber-riffe.de\/wp-content\/uploads\/2024\/10\/Pazifischer_Fuchshai_1024x576.mp4\"><\/video><figcaption class=\"wp-element-caption\"><em>\u00a9 Heinz Krimmer<\/em><\/figcaption><\/figure>\n<\/div>\n\n\n\n<div style=\"height:50px\" aria-hidden=\"true\" class=\"wp-block-spacer\"><\/div>\n\n\n\n<p><strong>Gr\u00f6\u00dfe: <\/strong> bis 3,60 m<\/p>\n\n\n\n<p><strong>Lebensraum:<\/strong>  pelagisch; gelegentlich in Riffn\u00e4he<\/p>\n\n\n\n<p><strong>Vorkommen:  <\/strong> in alle tropischen und subtropischen Gebieten des Indopazifik<\/p>\n\n\n\n<p><strong>Erkennungsmerkmale: <\/strong> Der obere Teil der Schwanzflosse ist extrem verl\u00e4ngert und kann die L\u00e4nge des K\u00f6rpers erreichen . Unverwechselbare Erscheinung.<\/p>\n\n\n\n<p><strong>Biologie &amp; Verhalten: <\/strong> Fuchshaie sehen nicht nur au\u00dfergew\u00f6hnlich aus, sie jagen auch auf besondere Art und Weise. Sie bet\u00e4uben Schwarmfische wie Sardinen oder Makrelen mit den Schl\u00e4gen ihrer langen Schwanzflosse. Danach fressen sie die bet\u00e4ubten oder verletzten Tiere.  bevor sie sie fressen. Fuchshaie springen auch gelegentlich meterhoch aus dem Wasser. Warum ist unbekannt.<\/p>\n\n\n\n<p>Fuchshaie geb\u00e4ren nach 10 Monaten nur wenige Jungtiere. Sie sind als pelagisch lebende Haie nur selten zu sehen. Gelegentlich suchen sie Putzerstationen an Korallenriffen auf.<\/p>\n\n\n\n<p><strong>Gefahr:<\/strong> Fuchshaie sind harmlos.<\/p>\n\n\n\n<p><strong>Bedrohungsstatus:<\/strong> Auf der Roten Liste der IUCN ist der Pazifische Fuchshai als \u201egef\u00e4hrdet\u201c eingestuft.<\/p>\n\n\n\n<p><strong>Video:<\/strong>  \u00a9 Heinz Krimmer<\/p>\n\n\n\n<hr class=\"wp-block-separator has-alpha-channel-opacity is-style-wide\"\/>\n\n\n\n<p class=\"has-vivid-cyan-blue-color has-text-color has-link-color has-medium-font-size wp-elements-d7abe08939a1381530ce96a1d63320b1\"><strong>Mit Fuchshaien tauchen?<\/strong><\/p>\n\n\n\n<p class=\"has-vivid-cyan-blue-color has-text-color has-link-color wp-elements-2e9cfd86991c61fdc293616175dbe938\">Weltweit existieren nur wenige Pl\u00e4tze, an denen eine Fuchshaisichtung &#8222;fast&#8220; garantiert ist. Hierzu geh\u00f6ren die philippinische Insel Malapascua n\u00f6rdlich von Cebu in der Visayas-See und ein Tauchpaltz bei Sipaway Island bei der philippinischen Insel Negros. Ebenso im Roten Meer am Daedalus Riff besteht die Chance auf eine Fuchshaibegegnung.<\/p>\n\n\n\n<p class=\"has-vivid-cyan-blue-color has-text-color has-link-color wp-elements-22c5be89975b0af1c8a78a2d0c48064e\">Folgende Tauchbasen kennen die Fuchhai-Pl\u00e4tze und das Verhalten der Tiere genau:<\/p>\n\n\n\n<figure class=\"wp-block-image size-full\"><a href=\"https:\/\/whispering-palms.com\"><img loading=\"lazy\" decoding=\"async\" width=\"957\" height=\"376\" src=\"https:\/\/alles-ueber-riffe.de\/wp-content\/uploads\/2024\/10\/Whispering_palms.png\" alt=\"\" class=\"wp-image-557\" srcset=\"https:\/\/alles-ueber-riffe.de\/wp-content\/uploads\/2024\/10\/Whispering_palms.png 957w, https:\/\/alles-ueber-riffe.de\/wp-content\/uploads\/2024\/10\/Whispering_palms-300x118.png 300w, https:\/\/alles-ueber-riffe.de\/wp-content\/uploads\/2024\/10\/Whispering_palms-768x302.png 768w\" sizes=\"auto, (max-width: 767px) 89vw, (max-width: 1000px) 54vw, (max-width: 1071px) 543px, 580px\" \/><\/a><\/figure>\n\n\n\n<p class=\"has-vivid-cyan-blue-color has-text-color has-link-color wp-elements-aef1dc5cb9a62c24bb15f56fcf7321c9\"><strong>Die Tauchbasis von Thomas Oswald im <a href=\"https:\/\/whispering-palms.com\">Whispering Palms Resort<\/a> auf Negros<\/strong>. Das Resort liegt zudem nur wenige Bootsminuten vom Fuchshaitauchplatz entfernt. <\/p>\n\n\n\n<p class=\"has-vivid-cyan-blue-color has-text-color has-link-color wp-elements-4e268ec981e7629f9c97e44b0fcfe45a\">Die Basis bietet auch Rundreisen zu anderen au\u00dfergew\u00f6hnlichen Tauchpl\u00e4tzen auf den Philippinen an.<\/p>\n\n\n\n<p class=\"has-vivid-cyan-blue-color has-text-color has-link-color wp-elements-1312225d15ca79fc8910c385ff45426f\"><strong>Auf Cebu empfehlen wir ????????.<\/strong><\/p>\n\n\n\n<figure class=\"wp-block-image size-large\"><img loading=\"lazy\" decoding=\"async\" width=\"1024\" height=\"389\" src=\"https:\/\/alles-ueber-riffe.de\/wp-content\/uploads\/2024\/10\/Cebu-1024x389.png\" alt=\"\" class=\"wp-image-558\" srcset=\"https:\/\/alles-ueber-riffe.de\/wp-content\/uploads\/2024\/10\/Cebu-1024x389.png 1024w, https:\/\/alles-ueber-riffe.de\/wp-content\/uploads\/2024\/10\/Cebu-300x114.png 300w, https:\/\/alles-ueber-riffe.de\/wp-content\/uploads\/2024\/10\/Cebu-768x291.png 768w, https:\/\/alles-ueber-riffe.de\/wp-content\/uploads\/2024\/10\/Cebu.png 1486w\" sizes=\"auto, (max-width: 767px) 89vw, (max-width: 1000px) 54vw, (max-width: 1071px) 543px, 580px\" \/><\/figure>\n\n\n\n<p><\/p>\n\n\n\n<p class=\"has-vivid-cyan-blue-color has-text-color has-link-color wp-elements-cd1af2601726749db1d35c52c0e8f2e2\"><strong>Auch im Roten Meer<\/strong> k\u00f6nnen am Daedalus Reef Fuchshaie gesehen werden. Am erfolgreichsten ist man mit einer <a href=\"https:\/\/art-of-active.com\/wordpress\/\"><strong>Tauchsafari von Art-of-Active<\/strong> <\/a>unter der Leitung von Petra Mandel. Sie kennt die Haitauchpl\u00e4tze an den Au\u00dfenriffen \u00c4gyptens wie ihre Westentasche.<\/p>\n\n\n\n<figure class=\"wp-block-image size-full\"><a href=\"https:\/\/art-of-active.com\/wordpress\/\"><img loading=\"lazy\" decoding=\"async\" width=\"1021\" height=\"398\" src=\"https:\/\/alles-ueber-riffe.de\/wp-content\/uploads\/2024\/10\/Safari-Aegypten.png\" alt=\"\" class=\"wp-image-559\" srcset=\"https:\/\/alles-ueber-riffe.de\/wp-content\/uploads\/2024\/10\/Safari-Aegypten.png 1021w, https:\/\/alles-ueber-riffe.de\/wp-content\/uploads\/2024\/10\/Safari-Aegypten-300x117.png 300w, https:\/\/alles-ueber-riffe.de\/wp-content\/uploads\/2024\/10\/Safari-Aegypten-768x299.png 768w\" sizes=\"auto, (max-width: 767px) 89vw, (max-width: 1000px) 54vw, (max-width: 1071px) 543px, 580px\" \/><\/a><\/figure>\n","protected":false},"excerpt":{"rendered":"<p>Pazifischer Fuchshai Tresher Shark (Alopias pelagicus) Gr\u00f6\u00dfe: bis 3,60 m Lebensraum: pelagisch; gelegentlich in Riffn\u00e4he Vorkommen: in alle tropischen und subtropischen Gebieten des Indopazifik Erkennungsmerkmale: Der obere Teil der Schwanzflosse ist extrem verl\u00e4ngert und kann die L\u00e4nge des K\u00f6rpers erreichen . Unverwechselbare Erscheinung. Biologie &amp; Verhalten: Fuchshaie sehen nicht nur au\u00dfergew\u00f6hnlich aus, sie jagen auch &hellip; <\/p>\n<p class=\"link-more\"><a href=\"https:\/\/alles-ueber-riffe.de\/?page_id=171\" class=\"more-link\"><span class=\"screen-reader-text\">\u201eFuchshai\u201c<\/span> weiterlesen<\/a><\/p>\n","protected":false},"author":1,"featured_media":0,"parent":0,"menu_order":0,"comment_status":"closed","ping_status":"closed","template":"","meta":{"footnotes":""},"class_list":["post-171","page","type-page","status-publish","hentry"],"_links":{"self":[{"href":"https:\/\/alles-ueber-riffe.de\/index.php?rest_route=\/wp\/v2\/pages\/171","targetHints":{"allow":["GET"]}}],"collection":[{"href":"https:\/\/alles-ueber-riffe.de\/index.php?rest_route=\/wp\/v2\/pages"}],"about":[{"href":"https:\/\/alles-ueber-riffe.de\/index.php?rest_route=\/wp\/v2\/types\/page"}],"author":[{"embeddable":true,"href":"https:\/\/alles-ueber-riffe.de\/index.php?rest_route=\/wp\/v2\/users\/1"}],"replies":[{"embeddable":true,"href":"https:\/\/alles-ueber-riffe.de\/index.php?rest_route=%2Fwp%2Fv2%2Fcomments&post=171"}],"version-history":[{"count":28,"href":"https:\/\/alles-ueber-riffe.de\/index.php?rest_route=\/wp\/v2\/pages\/171\/revisions"}],"predecessor-version":[{"id":8992,"href":"https:\/\/alles-ueber-riffe.de\/index.php?rest_route=\/wp\/v2\/pages\/171\/revisions\/8992"}],"wp:attachment":[{"href":"https:\/\/alles-ueber-riffe.de\/index.php?rest_route=%2Fwp%2Fv2%2Fmedia&parent=171"}],"curies":[{"name":"wp","href":"https:\/\/api.w.org\/{rel}","templated":true}]}}