{"id":1431,"date":"2024-10-29T14:04:27","date_gmt":"2024-10-29T14:04:27","guid":{"rendered":"https:\/\/alles-ueber-riffe.de\/?page_id=1431"},"modified":"2024-10-29T14:04:27","modified_gmt":"2024-10-29T14:04:27","slug":"alles-ueber-torpedobarsche","status":"publish","type":"page","link":"https:\/\/alles-ueber-riffe.de\/?page_id=1431","title":{"rendered":"Alles \u00fcber Torpedobarsche"},"content":{"rendered":"\n<p>Torpedobarsche leben bevorzugt auf Sandfl\u00e4chen mit Korallenbl\u00f6cken von 10-50 m. Torpedobarsche sind schlanke, l\u00e4ngliche Fische, die in der Regel maximal 60 cm lang sind. Sie sind tagaktiv und jagen nach kleinen Fischen und Wirbellosen. Typisch ist folgendes Verhalten: Ein paar Meter schwimmen und ca. 50 cm \u00fcber dem Boden im freien Wasser anzuhalten und schwimmend die Position halten. Insgesamt ist wenig \u00fcber Torpedobarsche bekannt. Selbst die Zuordnung in die Systematik der Fische ist umstritten. Die Arten der Unterfamilie Ziegelbarsche bekommt der normale Sporttaucher nicht zu sehen, denn sie leben in der Regel in Tiefen unter 50m.<\/p>\n\n\n\n<p>45 Arten in f\u00fcnf Gattungen sind beschrieben.<\/p>\n\n\n\n<p>Torpedobarsche leben in den tropischen Bereichen des Indopazifik und Atlantik.<\/p>\n","protected":false},"excerpt":{"rendered":"<p>Torpedobarsche leben bevorzugt auf Sandfl\u00e4chen mit Korallenbl\u00f6cken von 10-50 m. Torpedobarsche sind schlanke, l\u00e4ngliche Fische, die in der Regel maximal 60 cm lang sind. Sie sind tagaktiv und jagen nach kleinen Fischen und Wirbellosen. Typisch ist folgendes Verhalten: Ein paar Meter schwimmen und ca. 50 cm \u00fcber dem Boden im freien Wasser anzuhalten und schwimmend &hellip; <\/p>\n<p class=\"link-more\"><a href=\"https:\/\/alles-ueber-riffe.de\/?page_id=1431\" class=\"more-link\"><span class=\"screen-reader-text\">\u201eAlles \u00fcber Torpedobarsche\u201c<\/span> weiterlesen<\/a><\/p>\n","protected":false},"author":1,"featured_media":0,"parent":0,"menu_order":0,"comment_status":"closed","ping_status":"closed","template":"","meta":{"footnotes":""},"class_list":["post-1431","page","type-page","status-publish","hentry"],"_links":{"self":[{"href":"https:\/\/alles-ueber-riffe.de\/index.php?rest_route=\/wp\/v2\/pages\/1431","targetHints":{"allow":["GET"]}}],"collection":[{"href":"https:\/\/alles-ueber-riffe.de\/index.php?rest_route=\/wp\/v2\/pages"}],"about":[{"href":"https:\/\/alles-ueber-riffe.de\/index.php?rest_route=\/wp\/v2\/types\/page"}],"author":[{"embeddable":true,"href":"https:\/\/alles-ueber-riffe.de\/index.php?rest_route=\/wp\/v2\/users\/1"}],"replies":[{"embeddable":true,"href":"https:\/\/alles-ueber-riffe.de\/index.php?rest_route=%2Fwp%2Fv2%2Fcomments&post=1431"}],"version-history":[{"count":1,"href":"https:\/\/alles-ueber-riffe.de\/index.php?rest_route=\/wp\/v2\/pages\/1431\/revisions"}],"predecessor-version":[{"id":1432,"href":"https:\/\/alles-ueber-riffe.de\/index.php?rest_route=\/wp\/v2\/pages\/1431\/revisions\/1432"}],"wp:attachment":[{"href":"https:\/\/alles-ueber-riffe.de\/index.php?rest_route=%2Fwp%2Fv2%2Fmedia&parent=1431"}],"curies":[{"name":"wp","href":"https:\/\/api.w.org\/{rel}","templated":true}]}}