{"id":1410,"date":"2024-10-29T13:58:49","date_gmt":"2024-10-29T13:58:49","guid":{"rendered":"https:\/\/alles-ueber-riffe.de\/?page_id=1410"},"modified":"2024-12-04T16:47:03","modified_gmt":"2024-12-04T16:47:03","slug":"alles-ueber-seepferdchen","status":"publish","type":"page","link":"https:\/\/alles-ueber-riffe.de\/?page_id=1410","title":{"rendered":"Alles \u00fcber Seepferdchen"},"content":{"rendered":"\n<p>Manchmal scheint die Natur uns t\u00e4uschen zu wollen:  Ein Kopf wie ein Pferd und statt einer Schwanzflosse ein raupen\u00e4hnlicher Fortsatz. Seepferdchen sehen wirklich nicht aus wie Fische, sind aber welche. Sie geh\u00f6ren zur Familie der Seenadeln (Syngnathidae). Zu ihren Verwandten z\u00e4hlen einige der skurrilsten Meeresbewohner \u00fcberhaupt: Die Geisterpfeifenfetzenfische.<\/p>\n\n\n\n<p>Seepferdchen sind oft Meister der Tarnung und schwer zu finden. Mit ihrem Schwanz an Seegras oder Korallen festgeklammert, nehmen sie Farbe und Form der Umgebung an. Oft entdeckt man sie nur, wenn sie sich mit Hilfe ihrer kleinen R\u00fccken- und Brustflossen bewegen. Die sehr beweglichen Augen haben ihre Umgebung st\u00e4ndig im Blick. F\u00fchlen Sie sich entdeckt, drehen sie einem den R\u00fccken zu. Erst recht, wenn man sie fotografieren will. Sie m\u00f6gen das einfach nicht.<\/p>\n\n\n\n<p>Als w\u00e4re das alles&nbsp;nicht sonderbar genug,&nbsp;werden bei den Seepferdchen die M\u00e4nnchen \u201eschwanger\u201c. Auch der Sexualakt ist sozusagen umgekehrt. Nach einem liebevoll anmutenden Paarungstanz spritzt das Weibchen als H\u00f6hepunkt seine Eier in die m\u00e4nnliche Bauchtasche. Hier werden sie befruchtet und vom M\u00e4nnchen ausgetragen. Sind die bis zu 200 Jungen geschl\u00fcpft, endet die F\u00fcrsorge. Sofort sind die kleinen und putzigen Seepferdchen auf sich alleine gestellt.<\/p>\n\n\n\n<p>Seepferdchen fressen Plankton. Ganz langsam schweben sie auf ihre Beute zu und erzeugen mit Hilfe von Muskelkraft einen starken Sog, der die Beute blitzschnell in das kleine r\u00f6hrenf\u00f6rmige Maul hineinzieht.<\/p>\n\n\n\n<p>54 Arten sind bisher beschrieben. Sie geh\u00f6ren alle zu einer Gattung.<\/p>\n\n\n\n<p>Seepferdchen kommen in allen tropischen und gem\u00e4\u00dfigten Weltmeeren vor.<\/p>\n","protected":false},"excerpt":{"rendered":"<p>Manchmal scheint die Natur uns t\u00e4uschen zu wollen: Ein Kopf wie ein Pferd und statt einer Schwanzflosse ein raupen\u00e4hnlicher Fortsatz. Seepferdchen sehen wirklich nicht aus wie Fische, sind aber welche. Sie geh\u00f6ren zur Familie der Seenadeln (Syngnathidae). Zu ihren Verwandten z\u00e4hlen einige der skurrilsten Meeresbewohner \u00fcberhaupt: Die Geisterpfeifenfetzenfische. Seepferdchen sind oft Meister der Tarnung und &hellip; <\/p>\n<p class=\"link-more\"><a href=\"https:\/\/alles-ueber-riffe.de\/?page_id=1410\" class=\"more-link\"><span class=\"screen-reader-text\">\u201eAlles \u00fcber Seepferdchen\u201c<\/span> weiterlesen<\/a><\/p>\n","protected":false},"author":1,"featured_media":0,"parent":0,"menu_order":0,"comment_status":"closed","ping_status":"closed","template":"","meta":{"footnotes":""},"class_list":["post-1410","page","type-page","status-publish","hentry"],"_links":{"self":[{"href":"https:\/\/alles-ueber-riffe.de\/index.php?rest_route=\/wp\/v2\/pages\/1410","targetHints":{"allow":["GET"]}}],"collection":[{"href":"https:\/\/alles-ueber-riffe.de\/index.php?rest_route=\/wp\/v2\/pages"}],"about":[{"href":"https:\/\/alles-ueber-riffe.de\/index.php?rest_route=\/wp\/v2\/types\/page"}],"author":[{"embeddable":true,"href":"https:\/\/alles-ueber-riffe.de\/index.php?rest_route=\/wp\/v2\/users\/1"}],"replies":[{"embeddable":true,"href":"https:\/\/alles-ueber-riffe.de\/index.php?rest_route=%2Fwp%2Fv2%2Fcomments&post=1410"}],"version-history":[{"count":2,"href":"https:\/\/alles-ueber-riffe.de\/index.php?rest_route=\/wp\/v2\/pages\/1410\/revisions"}],"predecessor-version":[{"id":3359,"href":"https:\/\/alles-ueber-riffe.de\/index.php?rest_route=\/wp\/v2\/pages\/1410\/revisions\/3359"}],"wp:attachment":[{"href":"https:\/\/alles-ueber-riffe.de\/index.php?rest_route=%2Fwp%2Fv2%2Fmedia&parent=1410"}],"curies":[{"name":"wp","href":"https:\/\/api.w.org\/{rel}","templated":true}]}}