{"id":1406,"date":"2024-10-29T13:57:50","date_gmt":"2024-10-29T13:57:50","guid":{"rendered":"https:\/\/alles-ueber-riffe.de\/?page_id=1406"},"modified":"2024-12-04T15:51:49","modified_gmt":"2024-12-04T15:51:49","slug":"alles-ueber-schnepfenmesserfische","status":"publish","type":"page","link":"https:\/\/alles-ueber-riffe.de\/?page_id=1406","title":{"rendered":"Alles \u00fcber Schnepfenmesserfische"},"content":{"rendered":"\n<p>Schnepfenmesserfische sind leicht zu erkennen. Mit dem Kopf nach unten und in der Form und Gr\u00f6\u00dfe eines K\u00fcchenmessers bewegen sie sich in kleinen Schw\u00e4rmen \u00fcber den Meeresboden. Der an eine Messerklinge erinnernde Bauch besteht aus Knochenplatten.<\/p>\n\n\n\n<p>Schnepfenmesserfische sind mit den Seenadeln verwandt und besitzen wie diese eine langes r\u00f6hrenf\u00f6rmiges Maul, mit dem sie Zooplankton einsaugen.<\/p>\n\n\n\n<p>Vier Arten in zwei Gattungen sind beschrieben.<\/p>\n\n\n\n<p>Schnepfenmesserfische leben in den tropischen Bereichen des westlichen Indopazifik.<\/p>\n","protected":false},"excerpt":{"rendered":"<p>Schnepfenmesserfische sind leicht zu erkennen. Mit dem Kopf nach unten und in der Form und Gr\u00f6\u00dfe eines K\u00fcchenmessers bewegen sie sich in kleinen Schw\u00e4rmen \u00fcber den Meeresboden. Der an eine Messerklinge erinnernde Bauch besteht aus Knochenplatten. Schnepfenmesserfische sind mit den Seenadeln verwandt und besitzen wie diese eine langes r\u00f6hrenf\u00f6rmiges Maul, mit dem sie Zooplankton einsaugen. &hellip; <\/p>\n<p class=\"link-more\"><a href=\"https:\/\/alles-ueber-riffe.de\/?page_id=1406\" class=\"more-link\"><span class=\"screen-reader-text\">\u201eAlles \u00fcber Schnepfenmesserfische\u201c<\/span> weiterlesen<\/a><\/p>\n","protected":false},"author":1,"featured_media":0,"parent":0,"menu_order":0,"comment_status":"closed","ping_status":"closed","template":"","meta":{"footnotes":""},"class_list":["post-1406","page","type-page","status-publish","hentry"],"_links":{"self":[{"href":"https:\/\/alles-ueber-riffe.de\/index.php?rest_route=\/wp\/v2\/pages\/1406","targetHints":{"allow":["GET"]}}],"collection":[{"href":"https:\/\/alles-ueber-riffe.de\/index.php?rest_route=\/wp\/v2\/pages"}],"about":[{"href":"https:\/\/alles-ueber-riffe.de\/index.php?rest_route=\/wp\/v2\/types\/page"}],"author":[{"embeddable":true,"href":"https:\/\/alles-ueber-riffe.de\/index.php?rest_route=\/wp\/v2\/users\/1"}],"replies":[{"embeddable":true,"href":"https:\/\/alles-ueber-riffe.de\/index.php?rest_route=%2Fwp%2Fv2%2Fcomments&post=1406"}],"version-history":[{"count":2,"href":"https:\/\/alles-ueber-riffe.de\/index.php?rest_route=\/wp\/v2\/pages\/1406\/revisions"}],"predecessor-version":[{"id":3282,"href":"https:\/\/alles-ueber-riffe.de\/index.php?rest_route=\/wp\/v2\/pages\/1406\/revisions\/3282"}],"wp:attachment":[{"href":"https:\/\/alles-ueber-riffe.de\/index.php?rest_route=%2Fwp%2Fv2%2Fmedia&parent=1406"}],"curies":[{"name":"wp","href":"https:\/\/api.w.org\/{rel}","templated":true}]}}