{"id":1396,"date":"2024-10-29T13:55:39","date_gmt":"2024-10-29T13:55:39","guid":{"rendered":"https:\/\/alles-ueber-riffe.de\/?page_id=1396"},"modified":"2024-10-29T13:55:39","modified_gmt":"2024-10-29T13:55:39","slug":"alles-ueber-scheinschnapper","status":"publish","type":"page","link":"https:\/\/alles-ueber-riffe.de\/?page_id=1396","title":{"rendered":"Alles \u00fcber Scheinschnapper"},"content":{"rendered":"\n<p>\u00dcber die Fische mit dem seltsamen Namen \u201eScheinschnapper\u201c wei\u00df man wenig. Sie geh\u00f6ren zur Ordnung der Barschartigen. Als Lebensraum bevorzugen sie Korallen mit sandigen Fl\u00e4chen. Hier jagen sie nach Wirbellosen, aber auch kleinen Fischen. Scheinschnapper sind sowohl einzeln als auch in gr\u00f6\u00dferen Gruppen zu finden. Sie sind protogyne Zwitter, d.h. erst Weibchen und sp\u00e4ter M\u00e4nnchen.<\/p>\n\n\n\n<p>67 Arten in f\u00fcnf Gattungen sind beschrieben.<\/p>\n\n\n\n<p>Scheinschnapper leben in den subtropischen und tropischen Bereichen des Indopazifik.<\/p>\n","protected":false},"excerpt":{"rendered":"<p>\u00dcber die Fische mit dem seltsamen Namen \u201eScheinschnapper\u201c wei\u00df man wenig. Sie geh\u00f6ren zur Ordnung der Barschartigen. Als Lebensraum bevorzugen sie Korallen mit sandigen Fl\u00e4chen. Hier jagen sie nach Wirbellosen, aber auch kleinen Fischen. Scheinschnapper sind sowohl einzeln als auch in gr\u00f6\u00dferen Gruppen zu finden. Sie sind protogyne Zwitter, d.h. erst Weibchen und sp\u00e4ter M\u00e4nnchen. &hellip; <\/p>\n<p class=\"link-more\"><a href=\"https:\/\/alles-ueber-riffe.de\/?page_id=1396\" class=\"more-link\"><span class=\"screen-reader-text\">\u201eAlles \u00fcber Scheinschnapper\u201c<\/span> weiterlesen<\/a><\/p>\n","protected":false},"author":1,"featured_media":0,"parent":0,"menu_order":0,"comment_status":"closed","ping_status":"closed","template":"","meta":{"footnotes":""},"class_list":["post-1396","page","type-page","status-publish","hentry"],"_links":{"self":[{"href":"https:\/\/alles-ueber-riffe.de\/index.php?rest_route=\/wp\/v2\/pages\/1396","targetHints":{"allow":["GET"]}}],"collection":[{"href":"https:\/\/alles-ueber-riffe.de\/index.php?rest_route=\/wp\/v2\/pages"}],"about":[{"href":"https:\/\/alles-ueber-riffe.de\/index.php?rest_route=\/wp\/v2\/types\/page"}],"author":[{"embeddable":true,"href":"https:\/\/alles-ueber-riffe.de\/index.php?rest_route=\/wp\/v2\/users\/1"}],"replies":[{"embeddable":true,"href":"https:\/\/alles-ueber-riffe.de\/index.php?rest_route=%2Fwp%2Fv2%2Fcomments&post=1396"}],"version-history":[{"count":1,"href":"https:\/\/alles-ueber-riffe.de\/index.php?rest_route=\/wp\/v2\/pages\/1396\/revisions"}],"predecessor-version":[{"id":1397,"href":"https:\/\/alles-ueber-riffe.de\/index.php?rest_route=\/wp\/v2\/pages\/1396\/revisions\/1397"}],"wp:attachment":[{"href":"https:\/\/alles-ueber-riffe.de\/index.php?rest_route=%2Fwp%2Fv2%2Fmedia&parent=1396"}],"curies":[{"name":"wp","href":"https:\/\/api.w.org\/{rel}","templated":true}]}}