{"id":1380,"date":"2024-10-29T13:51:35","date_gmt":"2024-10-29T13:51:35","guid":{"rendered":"https:\/\/alles-ueber-riffe.de\/?page_id=1380"},"modified":"2024-11-27T17:18:13","modified_gmt":"2024-11-27T17:18:13","slug":"alles-ueber-plattfische","status":"publish","type":"page","link":"https:\/\/alles-ueber-riffe.de\/?page_id=1380","title":{"rendered":"Alles \u00fcber Plattfische"},"content":{"rendered":"\n<p>Plattfische sind als adulte und als juvenile Fische Verwandlungsk\u00fcnstler.\u00a0 Der junge, frisch geschl\u00fcpfte Plattfisch sieht zun\u00e4chst aus wie ein ganz normaler Fisch und besitzt dessen Symmetrie. Im Laufe des Wachstums vollzieht sich eine Metamorphose. Ein Auge wandert inklusive der Nerven und Muskeln auf die andere K\u00f6rperh\u00e4lfte. Diese K\u00f6rperh\u00e4lfte wird sp\u00e4ter die obere Seite des am Boden lebenden Fisches. Auch die Sch\u00e4delknochen, das Maul und die Flossen wandern.<\/p>\n\n\n\n<p>Adulte Tiere sch\u00fctzen sich gegen Fressfeinde durch Tarnfarben und sind so auch f\u00fcr Taucher kaum zu entdecken. Manche Arten k\u00f6nnen jede Musterung und F\u00e4rbung des Bodens annehmen. Wie Experimente ergaben sogar k\u00fcnstliche wie z.B. schwarze Quadrate.<\/p>\n\n\n\n<p>Plattfische leben ausschlie\u00dflich am Boden und sind Raubfische. Je nach Gr\u00f6\u00dfe fressen sie Wirbellose und kleine Fische. Einige Arten sind begehrte und bedeutende Speisefische wie z.B. der Heilbutt.<\/p>\n\n\n\n<p>Ca. 675 Arten in 134 Gattungen sind beschrieben. Damit geh\u00f6ren die Plattfische zu den artenreichsten Familien.<\/p>\n\n\n\n<p>Sie leben in den kalten, subtropischen und tropischen Bereichen aller Ozeane.&nbsp;<\/p>\n","protected":false},"excerpt":{"rendered":"<p>Plattfische sind als adulte und als juvenile Fische Verwandlungsk\u00fcnstler.\u00a0 Der junge, frisch geschl\u00fcpfte Plattfisch sieht zun\u00e4chst aus wie ein ganz normaler Fisch und besitzt dessen Symmetrie. Im Laufe des Wachstums vollzieht sich eine Metamorphose. Ein Auge wandert inklusive der Nerven und Muskeln auf die andere K\u00f6rperh\u00e4lfte. Diese K\u00f6rperh\u00e4lfte wird sp\u00e4ter die obere Seite des am &hellip; <\/p>\n<p class=\"link-more\"><a href=\"https:\/\/alles-ueber-riffe.de\/?page_id=1380\" class=\"more-link\"><span class=\"screen-reader-text\">\u201eAlles \u00fcber Plattfische\u201c<\/span> weiterlesen<\/a><\/p>\n","protected":false},"author":1,"featured_media":0,"parent":0,"menu_order":0,"comment_status":"closed","ping_status":"closed","template":"","meta":{"footnotes":""},"class_list":["post-1380","page","type-page","status-publish","hentry"],"_links":{"self":[{"href":"https:\/\/alles-ueber-riffe.de\/index.php?rest_route=\/wp\/v2\/pages\/1380","targetHints":{"allow":["GET"]}}],"collection":[{"href":"https:\/\/alles-ueber-riffe.de\/index.php?rest_route=\/wp\/v2\/pages"}],"about":[{"href":"https:\/\/alles-ueber-riffe.de\/index.php?rest_route=\/wp\/v2\/types\/page"}],"author":[{"embeddable":true,"href":"https:\/\/alles-ueber-riffe.de\/index.php?rest_route=\/wp\/v2\/users\/1"}],"replies":[{"embeddable":true,"href":"https:\/\/alles-ueber-riffe.de\/index.php?rest_route=%2Fwp%2Fv2%2Fcomments&post=1380"}],"version-history":[{"count":2,"href":"https:\/\/alles-ueber-riffe.de\/index.php?rest_route=\/wp\/v2\/pages\/1380\/revisions"}],"predecessor-version":[{"id":2895,"href":"https:\/\/alles-ueber-riffe.de\/index.php?rest_route=\/wp\/v2\/pages\/1380\/revisions\/2895"}],"wp:attachment":[{"href":"https:\/\/alles-ueber-riffe.de\/index.php?rest_route=%2Fwp%2Fv2%2Fmedia&parent=1380"}],"curies":[{"name":"wp","href":"https:\/\/api.w.org\/{rel}","templated":true}]}}