{"id":1372,"date":"2024-10-29T13:48:36","date_gmt":"2024-10-29T13:48:36","guid":{"rendered":"https:\/\/alles-ueber-riffe.de\/?page_id=1372"},"modified":"2024-11-27T15:48:12","modified_gmt":"2024-11-27T15:48:12","slug":"alles-ueber-mondfische","status":"publish","type":"page","link":"https:\/\/alles-ueber-riffe.de\/?page_id=1372","title":{"rendered":"Alles \u00fcber Mondfische"},"content":{"rendered":"\n<p>Um diesen Fisch zu beschreiben, fehlen einem fast die Worte. Am ehesten erinnert der Mondfisch an den Kopf eines Seemonsters, der abgetrennt wurde und nun ohne K\u00f6rper durch die Ozeane schwimmt. Die pelagisch lebenden Mondfische findet man entweder in Tiefen bis zu 600 Metern oder an der Wasseroberfl\u00e4che treibend. An Korallenriffen tauchen sie selten auf. Es gibt aber weltweit einige Pl\u00e4tze, an denen sie saisonal vorkommen. Bali ist so ein Platz.<\/p>\n\n\n\n<p>Mondfische sind die schwersten aller lebenden Knochenfische. Der gr\u00f6\u00dfte bekannte Mondfisch erreichte 3,30 m und wog 2,3 Tonnen. Umso erstaunlicher: Die Larven der Mondfische sind gerade einmal ca. 3 mm gro\u00df, wenn sie aus dem Ei schl\u00fcpfen. Damit vergr\u00f6\u00dfert er sich um den Faktor 110, vom Gewicht sogar um den Faktor drei Millionen. Damit h\u00e4lt er gleich zwei Rekorde im Tierreich: Gr\u00f6\u00dftes K\u00f6rperwachstum und gr\u00f6\u00dfte Gewichtszunahme. Auf uns Menschen \u00fcbertragen: Wir w\u00e4ren ausgewachsen 600 m gro\u00df und 8000 Tonnen schwer. Doch nicht nur im Wachstum h\u00e4lt er den Weltrekord, auch bei die Anzahl der Eier und Spermien belegt er Platz eins aller Fische: Bis zu 300 Millionen pro Paarung &#8211; und die m\u00fcssen alle befruchtet werden.<\/p>\n\n\n\n<p>Ihre Energie f\u00fcr dieses unglaubliche Wachstum ziehen sie aus ihrer Leibspeise: Quallen und Salpen.<\/p>\n\n\n\n<p>Verwandt sind sie mit den Kugelfischen.<\/p>\n\n\n\n<p>Vier Arten in drei Gattungen sind bisher beschrieben.<\/p>\n\n\n\n<p>Mondfische leben in allen subtropischen und tropischen Bereichen der Ozeane.&nbsp;<\/p>\n","protected":false},"excerpt":{"rendered":"<p>Um diesen Fisch zu beschreiben, fehlen einem fast die Worte. Am ehesten erinnert der Mondfisch an den Kopf eines Seemonsters, der abgetrennt wurde und nun ohne K\u00f6rper durch die Ozeane schwimmt. Die pelagisch lebenden Mondfische findet man entweder in Tiefen bis zu 600 Metern oder an der Wasseroberfl\u00e4che treibend. An Korallenriffen tauchen sie selten auf. &hellip; <\/p>\n<p class=\"link-more\"><a href=\"https:\/\/alles-ueber-riffe.de\/?page_id=1372\" class=\"more-link\"><span class=\"screen-reader-text\">\u201eAlles \u00fcber Mondfische\u201c<\/span> weiterlesen<\/a><\/p>\n","protected":false},"author":1,"featured_media":0,"parent":0,"menu_order":0,"comment_status":"closed","ping_status":"closed","template":"","meta":{"footnotes":""},"class_list":["post-1372","page","type-page","status-publish","hentry"],"_links":{"self":[{"href":"https:\/\/alles-ueber-riffe.de\/index.php?rest_route=\/wp\/v2\/pages\/1372","targetHints":{"allow":["GET"]}}],"collection":[{"href":"https:\/\/alles-ueber-riffe.de\/index.php?rest_route=\/wp\/v2\/pages"}],"about":[{"href":"https:\/\/alles-ueber-riffe.de\/index.php?rest_route=\/wp\/v2\/types\/page"}],"author":[{"embeddable":true,"href":"https:\/\/alles-ueber-riffe.de\/index.php?rest_route=\/wp\/v2\/users\/1"}],"replies":[{"embeddable":true,"href":"https:\/\/alles-ueber-riffe.de\/index.php?rest_route=%2Fwp%2Fv2%2Fcomments&post=1372"}],"version-history":[{"count":2,"href":"https:\/\/alles-ueber-riffe.de\/index.php?rest_route=\/wp\/v2\/pages\/1372\/revisions"}],"predecessor-version":[{"id":2780,"href":"https:\/\/alles-ueber-riffe.de\/index.php?rest_route=\/wp\/v2\/pages\/1372\/revisions\/2780"}],"wp:attachment":[{"href":"https:\/\/alles-ueber-riffe.de\/index.php?rest_route=%2Fwp%2Fv2%2Fmedia&parent=1372"}],"curies":[{"name":"wp","href":"https:\/\/api.w.org\/{rel}","templated":true}]}}