{"id":1370,"date":"2024-10-29T13:48:10","date_gmt":"2024-10-29T13:48:10","guid":{"rendered":"https:\/\/alles-ueber-riffe.de\/?page_id=1370"},"modified":"2024-10-29T13:48:10","modified_gmt":"2024-10-29T13:48:10","slug":"alles-ueber-mojarras","status":"publish","type":"page","link":"https:\/\/alles-ueber-riffe.de\/?page_id=1370","title":{"rendered":"Alles \u00fcber Mojarras"},"content":{"rendered":"\n<p>Mojarras sind unscheinbare Fische, die oft \u00fcber Sandfl\u00e4chen zu finden sind. Ihre silberne F\u00e4rbung macht sie in dieser Umgebung fast unsichtbar. Sie ern\u00e4hren sich von Wirbellosen, die im Sand leben. Sie sind hochr\u00fcckige und mittelgro\u00dfe Fische.<\/p>\n\n\n\n<p>54 Arten in 7 Gattungen sind beschrieben.<\/p>\n\n\n\n<p>Mojarras leben in den subtropischen und tropischen Bereichen aller Ozeane.<\/p>\n","protected":false},"excerpt":{"rendered":"<p>Mojarras sind unscheinbare Fische, die oft \u00fcber Sandfl\u00e4chen zu finden sind. Ihre silberne F\u00e4rbung macht sie in dieser Umgebung fast unsichtbar. Sie ern\u00e4hren sich von Wirbellosen, die im Sand leben. Sie sind hochr\u00fcckige und mittelgro\u00dfe Fische. 54 Arten in 7 Gattungen sind beschrieben. Mojarras leben in den subtropischen und tropischen Bereichen aller Ozeane.<\/p>\n","protected":false},"author":1,"featured_media":0,"parent":0,"menu_order":0,"comment_status":"closed","ping_status":"closed","template":"","meta":{"footnotes":""},"class_list":["post-1370","page","type-page","status-publish","hentry"],"_links":{"self":[{"href":"https:\/\/alles-ueber-riffe.de\/index.php?rest_route=\/wp\/v2\/pages\/1370","targetHints":{"allow":["GET"]}}],"collection":[{"href":"https:\/\/alles-ueber-riffe.de\/index.php?rest_route=\/wp\/v2\/pages"}],"about":[{"href":"https:\/\/alles-ueber-riffe.de\/index.php?rest_route=\/wp\/v2\/types\/page"}],"author":[{"embeddable":true,"href":"https:\/\/alles-ueber-riffe.de\/index.php?rest_route=\/wp\/v2\/users\/1"}],"replies":[{"embeddable":true,"href":"https:\/\/alles-ueber-riffe.de\/index.php?rest_route=%2Fwp%2Fv2%2Fcomments&post=1370"}],"version-history":[{"count":1,"href":"https:\/\/alles-ueber-riffe.de\/index.php?rest_route=\/wp\/v2\/pages\/1370\/revisions"}],"predecessor-version":[{"id":1371,"href":"https:\/\/alles-ueber-riffe.de\/index.php?rest_route=\/wp\/v2\/pages\/1370\/revisions\/1371"}],"wp:attachment":[{"href":"https:\/\/alles-ueber-riffe.de\/index.php?rest_route=%2Fwp%2Fv2%2Fmedia&parent=1370"}],"curies":[{"name":"wp","href":"https:\/\/api.w.org\/{rel}","templated":true}]}}