{"id":1366,"date":"2024-10-29T13:47:10","date_gmt":"2024-10-29T13:47:10","guid":{"rendered":"https:\/\/alles-ueber-riffe.de\/?page_id=1366"},"modified":"2024-10-29T13:47:10","modified_gmt":"2024-10-29T13:47:10","slug":"alles-ueber-milchfische","status":"publish","type":"page","link":"https:\/\/alles-ueber-riffe.de\/?page_id=1366","title":{"rendered":"Alles \u00fcber Milchfische"},"content":{"rendered":"\n<p>Dieser Fisch wird wohl am h\u00e4ufigsten mit Haien verwechselt, weshalb er den Spitznamen \u201eTouristenhai\u201c besitzt. Meistens sieht man den scheuen, silbernen Fisch nur kurz im Blauwasser an der Oberfl\u00e4che. Seine R\u00fcckenflosse ragt dabei oft aus dem Wasser. Er kann bis zu 1,80 m gro\u00df werden.&nbsp;<\/p>\n\n\n\n<p>Ansonsten haben sie nur wenig mit den Haien gemein. Sie fressen Algen, Plankton, Quallen und andere Wirbellose.<\/p>\n\n\n\n<p>Milchfische geh\u00f6ren zu den wichtigsten Fischen, die in Aquakultur gez\u00fcchtet werden k\u00f6nnen.<\/p>\n\n\n\n<p>Eine einzige Arten ist beschrieben.<\/p>\n\n\n\n<p>Milchfische leben im subtropischen und tropischen Indopazifik und im \u00f6stlichen Pazifik.<\/p>\n","protected":false},"excerpt":{"rendered":"<p>Dieser Fisch wird wohl am h\u00e4ufigsten mit Haien verwechselt, weshalb er den Spitznamen \u201eTouristenhai\u201c besitzt. Meistens sieht man den scheuen, silbernen Fisch nur kurz im Blauwasser an der Oberfl\u00e4che. Seine R\u00fcckenflosse ragt dabei oft aus dem Wasser. Er kann bis zu 1,80 m gro\u00df werden.&nbsp; Ansonsten haben sie nur wenig mit den Haien gemein. Sie &hellip; <\/p>\n<p class=\"link-more\"><a href=\"https:\/\/alles-ueber-riffe.de\/?page_id=1366\" class=\"more-link\"><span class=\"screen-reader-text\">\u201eAlles \u00fcber Milchfische\u201c<\/span> weiterlesen<\/a><\/p>\n","protected":false},"author":1,"featured_media":0,"parent":0,"menu_order":0,"comment_status":"closed","ping_status":"closed","template":"","meta":{"footnotes":""},"class_list":["post-1366","page","type-page","status-publish","hentry"],"_links":{"self":[{"href":"https:\/\/alles-ueber-riffe.de\/index.php?rest_route=\/wp\/v2\/pages\/1366","targetHints":{"allow":["GET"]}}],"collection":[{"href":"https:\/\/alles-ueber-riffe.de\/index.php?rest_route=\/wp\/v2\/pages"}],"about":[{"href":"https:\/\/alles-ueber-riffe.de\/index.php?rest_route=\/wp\/v2\/types\/page"}],"author":[{"embeddable":true,"href":"https:\/\/alles-ueber-riffe.de\/index.php?rest_route=\/wp\/v2\/users\/1"}],"replies":[{"embeddable":true,"href":"https:\/\/alles-ueber-riffe.de\/index.php?rest_route=%2Fwp%2Fv2%2Fcomments&post=1366"}],"version-history":[{"count":1,"href":"https:\/\/alles-ueber-riffe.de\/index.php?rest_route=\/wp\/v2\/pages\/1366\/revisions"}],"predecessor-version":[{"id":1367,"href":"https:\/\/alles-ueber-riffe.de\/index.php?rest_route=\/wp\/v2\/pages\/1366\/revisions\/1367"}],"wp:attachment":[{"href":"https:\/\/alles-ueber-riffe.de\/index.php?rest_route=%2Fwp%2Fv2%2Fmedia&parent=1366"}],"curies":[{"name":"wp","href":"https:\/\/api.w.org\/{rel}","templated":true}]}}