{"id":1364,"date":"2024-10-29T13:46:35","date_gmt":"2024-10-29T13:46:35","guid":{"rendered":"https:\/\/alles-ueber-riffe.de\/?page_id=1364"},"modified":"2024-10-29T13:46:35","modified_gmt":"2024-10-29T13:46:35","slug":"alles-ueber-meerbrassen","status":"publish","type":"page","link":"https:\/\/alles-ueber-riffe.de\/?page_id=1364","title":{"rendered":"Alles \u00fcber Meerbrassen"},"content":{"rendered":"\n<p>Am h\u00e4ufigsten sieht man Meerbrassen auf dem Teller, denn sie<em>&nbsp;<\/em>sind gesch\u00e4tzte Speisefische.<\/p>\n\n\n\n<p>Oft halten sie sich in gro\u00dfen Schw\u00e4rmen im Freiwasser auf und bevorzugen eher k\u00fchlere Regionen. In den Korallenriffen leben daher wenige Arten.<\/p>\n\n\n\n<p>Meerbrassen sind von der Grundform oval, mit hohem R\u00fccken. Ihre Gr\u00f6\u00dfe variiert zwischen 12 cm und zwei Meter. In der Familie gibt es sowohl Alles-, reine Pflanzenfresser und J\u00e4ger.<\/p>\n\n\n\n<p>144 Arten in 38 Gattungen sind beschrieben.<\/p>\n\n\n\n<p>Meerbarben leben in den subtropischen und tropischen Bereichen aller Ozeane.&nbsp;<\/p>\n","protected":false},"excerpt":{"rendered":"<p>Am h\u00e4ufigsten sieht man Meerbrassen auf dem Teller, denn sie&nbsp;sind gesch\u00e4tzte Speisefische. Oft halten sie sich in gro\u00dfen Schw\u00e4rmen im Freiwasser auf und bevorzugen eher k\u00fchlere Regionen. In den Korallenriffen leben daher wenige Arten. Meerbrassen sind von der Grundform oval, mit hohem R\u00fccken. Ihre Gr\u00f6\u00dfe variiert zwischen 12 cm und zwei Meter. In der Familie &hellip; <\/p>\n<p class=\"link-more\"><a href=\"https:\/\/alles-ueber-riffe.de\/?page_id=1364\" class=\"more-link\"><span class=\"screen-reader-text\">\u201eAlles \u00fcber Meerbrassen\u201c<\/span> weiterlesen<\/a><\/p>\n","protected":false},"author":1,"featured_media":0,"parent":0,"menu_order":0,"comment_status":"closed","ping_status":"closed","template":"","meta":{"footnotes":""},"class_list":["post-1364","page","type-page","status-publish","hentry"],"_links":{"self":[{"href":"https:\/\/alles-ueber-riffe.de\/index.php?rest_route=\/wp\/v2\/pages\/1364","targetHints":{"allow":["GET"]}}],"collection":[{"href":"https:\/\/alles-ueber-riffe.de\/index.php?rest_route=\/wp\/v2\/pages"}],"about":[{"href":"https:\/\/alles-ueber-riffe.de\/index.php?rest_route=\/wp\/v2\/types\/page"}],"author":[{"embeddable":true,"href":"https:\/\/alles-ueber-riffe.de\/index.php?rest_route=\/wp\/v2\/users\/1"}],"replies":[{"embeddable":true,"href":"https:\/\/alles-ueber-riffe.de\/index.php?rest_route=%2Fwp%2Fv2%2Fcomments&post=1364"}],"version-history":[{"count":1,"href":"https:\/\/alles-ueber-riffe.de\/index.php?rest_route=\/wp\/v2\/pages\/1364\/revisions"}],"predecessor-version":[{"id":1365,"href":"https:\/\/alles-ueber-riffe.de\/index.php?rest_route=\/wp\/v2\/pages\/1364\/revisions\/1365"}],"wp:attachment":[{"href":"https:\/\/alles-ueber-riffe.de\/index.php?rest_route=%2Fwp%2Fv2%2Fmedia&parent=1364"}],"curies":[{"name":"wp","href":"https:\/\/api.w.org\/{rel}","templated":true}]}}