{"id":1352,"date":"2024-10-29T13:43:32","date_gmt":"2024-10-29T13:43:32","guid":{"rendered":"https:\/\/alles-ueber-riffe.de\/?page_id=1352"},"modified":"2024-10-29T13:43:32","modified_gmt":"2024-10-29T13:43:32","slug":"alles-ueber-kofferfische","status":"publish","type":"page","link":"https:\/\/alles-ueber-riffe.de\/?page_id=1352","title":{"rendered":"Alles \u00fcber Kofferfische"},"content":{"rendered":"\n<p>Kofferfische sind die \u201eSchildkr\u00f6ten\u201c unter den Fischen. Sie besitzen einen Knochenpanzer, aus dem nur Augen, Mund, Kiemen und Flossen herausschauen. Zus\u00e4tzlich verteidigen sie sich mit einem Nervengift, das durch die Haut ausgeschieden wird und auf andere Fische t\u00f6dlich wirkt. Sie sind langsame Schwimmer, aber sie sind wie Kugel- oder Igelfische in der Lage sich auf der Stelle zu drehen, oder r\u00fcckw\u00e4rts zu schwimmen. Ein bisschen wirken sie wie kleine Hubschrauber im Riff.&nbsp;<\/p>\n\n\n\n<p>Die skurrilen Fische sind Allesfresser. Zur ihrer Nahrung geh\u00f6ren sowohl Wirbellose, die sie mit einem Wasserstrahl freilegen k\u00f6nnen, als auch Algen und Seegras. Ihre Augen k\u00f6nnen sie unabh\u00e4ngig voneinander bewegen und beobachten die Umgebung genau. Sie kommen einzeln oder paarweise vor.<\/p>\n\n\n\n<p>25 Arten in 8 Gattungen sind beschrieben.<\/p>\n\n\n\n<p>Kofferfische leben in allen tropischen Bereichen der Ozeane.<\/p>\n","protected":false},"excerpt":{"rendered":"<p>Kofferfische sind die \u201eSchildkr\u00f6ten\u201c unter den Fischen. Sie besitzen einen Knochenpanzer, aus dem nur Augen, Mund, Kiemen und Flossen herausschauen. Zus\u00e4tzlich verteidigen sie sich mit einem Nervengift, das durch die Haut ausgeschieden wird und auf andere Fische t\u00f6dlich wirkt. Sie sind langsame Schwimmer, aber sie sind wie Kugel- oder Igelfische in der Lage sich auf &hellip; <\/p>\n<p class=\"link-more\"><a href=\"https:\/\/alles-ueber-riffe.de\/?page_id=1352\" class=\"more-link\"><span class=\"screen-reader-text\">\u201eAlles \u00fcber Kofferfische\u201c<\/span> weiterlesen<\/a><\/p>\n","protected":false},"author":1,"featured_media":0,"parent":0,"menu_order":0,"comment_status":"closed","ping_status":"closed","template":"","meta":{"footnotes":""},"class_list":["post-1352","page","type-page","status-publish","hentry"],"_links":{"self":[{"href":"https:\/\/alles-ueber-riffe.de\/index.php?rest_route=\/wp\/v2\/pages\/1352","targetHints":{"allow":["GET"]}}],"collection":[{"href":"https:\/\/alles-ueber-riffe.de\/index.php?rest_route=\/wp\/v2\/pages"}],"about":[{"href":"https:\/\/alles-ueber-riffe.de\/index.php?rest_route=\/wp\/v2\/types\/page"}],"author":[{"embeddable":true,"href":"https:\/\/alles-ueber-riffe.de\/index.php?rest_route=\/wp\/v2\/users\/1"}],"replies":[{"embeddable":true,"href":"https:\/\/alles-ueber-riffe.de\/index.php?rest_route=%2Fwp%2Fv2%2Fcomments&post=1352"}],"version-history":[{"count":1,"href":"https:\/\/alles-ueber-riffe.de\/index.php?rest_route=\/wp\/v2\/pages\/1352\/revisions"}],"predecessor-version":[{"id":1353,"href":"https:\/\/alles-ueber-riffe.de\/index.php?rest_route=\/wp\/v2\/pages\/1352\/revisions\/1353"}],"wp:attachment":[{"href":"https:\/\/alles-ueber-riffe.de\/index.php?rest_route=%2Fwp%2Fv2%2Fmedia&parent=1352"}],"curies":[{"name":"wp","href":"https:\/\/api.w.org\/{rel}","templated":true}]}}