{"id":1346,"date":"2024-10-29T13:42:11","date_gmt":"2024-10-29T13:42:11","guid":{"rendered":"https:\/\/alles-ueber-riffe.de\/?page_id=1346"},"modified":"2024-10-29T13:42:11","modified_gmt":"2024-10-29T13:42:11","slug":"alles-ueber-kaninchenfische","status":"publish","type":"page","link":"https:\/\/alles-ueber-riffe.de\/?page_id=1346","title":{"rendered":"Alles \u00fcber Kaninchenfische"},"content":{"rendered":"\n<p>Kaninchenfische sind ca. 20 \u2013 35 cm gro\u00dfen Pflanzenfresser und ziehen in der Regel paarweise oder in Gruppen durch das Riff und weiden die Algen vom Substrat. Sie sind eng mit den Doktorfischen verwandt, besitzen aber kein Skalpell an der Wurzel der Schwanzflossen. Stattdessen verteidigen sie sich mit Gift, das sich in den Stacheln der R\u00fcckenflosse befindet. Dieses Gift wirkt auch bei Menschen und verursacht unangenehme Schmerzen. Als Speisefische k\u00f6nnen sie ciguatoxisch sein. Kaninchenfische ver\u00e4ndern nachts beim Schlafen ihre F\u00e4rbung.&nbsp;<\/p>\n\n\n\n<p>28 Arten sind beschrieben. Sie geh\u00f6ren alle zu einer Gattung.<\/p>\n\n\n\n<p>Kaninchenfische leben in den tropischen Bereichen des Indopazifik. Zwei Arten sind durch den Suezkanal in das Mittelmeer eingewandert.<\/p>\n","protected":false},"excerpt":{"rendered":"<p>Kaninchenfische sind ca. 20 \u2013 35 cm gro\u00dfen Pflanzenfresser und ziehen in der Regel paarweise oder in Gruppen durch das Riff und weiden die Algen vom Substrat. Sie sind eng mit den Doktorfischen verwandt, besitzen aber kein Skalpell an der Wurzel der Schwanzflossen. Stattdessen verteidigen sie sich mit Gift, das sich in den Stacheln der &hellip; <\/p>\n<p class=\"link-more\"><a href=\"https:\/\/alles-ueber-riffe.de\/?page_id=1346\" class=\"more-link\"><span class=\"screen-reader-text\">\u201eAlles \u00fcber Kaninchenfische\u201c<\/span> weiterlesen<\/a><\/p>\n","protected":false},"author":1,"featured_media":0,"parent":0,"menu_order":0,"comment_status":"closed","ping_status":"closed","template":"","meta":{"footnotes":""},"class_list":["post-1346","page","type-page","status-publish","hentry"],"_links":{"self":[{"href":"https:\/\/alles-ueber-riffe.de\/index.php?rest_route=\/wp\/v2\/pages\/1346","targetHints":{"allow":["GET"]}}],"collection":[{"href":"https:\/\/alles-ueber-riffe.de\/index.php?rest_route=\/wp\/v2\/pages"}],"about":[{"href":"https:\/\/alles-ueber-riffe.de\/index.php?rest_route=\/wp\/v2\/types\/page"}],"author":[{"embeddable":true,"href":"https:\/\/alles-ueber-riffe.de\/index.php?rest_route=\/wp\/v2\/users\/1"}],"replies":[{"embeddable":true,"href":"https:\/\/alles-ueber-riffe.de\/index.php?rest_route=%2Fwp%2Fv2%2Fcomments&post=1346"}],"version-history":[{"count":1,"href":"https:\/\/alles-ueber-riffe.de\/index.php?rest_route=\/wp\/v2\/pages\/1346\/revisions"}],"predecessor-version":[{"id":1347,"href":"https:\/\/alles-ueber-riffe.de\/index.php?rest_route=\/wp\/v2\/pages\/1346\/revisions\/1347"}],"wp:attachment":[{"href":"https:\/\/alles-ueber-riffe.de\/index.php?rest_route=%2Fwp%2Fv2%2Fmedia&parent=1346"}],"curies":[{"name":"wp","href":"https:\/\/api.w.org\/{rel}","templated":true}]}}