{"id":1342,"date":"2024-10-29T13:41:06","date_gmt":"2024-10-29T13:41:06","guid":{"rendered":"https:\/\/alles-ueber-riffe.de\/?page_id=1342"},"modified":"2024-10-29T13:41:06","modified_gmt":"2024-10-29T13:41:06","slug":"alles-ueber-igelfische","status":"publish","type":"page","link":"https:\/\/alles-ueber-riffe.de\/?page_id=1342","title":{"rendered":"Alles \u00fcber Igelfische"},"content":{"rendered":"\n<p>Charles Darwin schreibt \u00fcber Igelfische in seinem Reisebericht mit der ber\u00fchmten \u201eBeagle\u201c, dass man sie lebend im Magen eines Haies gefunden h\u00e4tte und dass sie sich vom Magen wieder ins Freie durchgefressen h\u00e4tten und den J\u00e4ger dabei t\u00f6teten. In wie weit das der Wahrheit entspricht, sei dahingestellt. Sicher ist: Igelfische sind keine Leckerbissen, denn sie k\u00f6nnen sich mit Luft oder Wasser zu einer runden stachligen Kugel aufpumpen. Dazu haben einige so giftige Organe, dass Zyankali dagegen geradezu ein Zuckerw\u00e4sserchen ist.<\/p>\n\n\n\n<p>Ihrer Ungenie\u00dfbarkeit bewusst, bewegen sie sich nur langsam durch das Riff. Ihr extrem kr\u00e4ftiges, aus Hornplatten bestehende Gebiss erlaubt ihnen die Jagd auf Schalentiere jeder Art. Wie Dr\u00fcckerfische k\u00f6nnen sie mit ihrem Maul einen Wasserstrahl erzeugen, um im Sand versteckte Beute freizulegen.<\/p>\n\n\n\n<p>Leider werden sie immer wieder gejagt, um als aufgeblasenes Souvenir f\u00fcr Touristen zu enden.<\/p>\n\n\n\n<p>18 Arten in sieben Gattungen sind beschrieben.<\/p>\n\n\n\n<p>Igelfische leben in den tropischen Bereichen des gesamten Pazifik.<\/p>\n","protected":false},"excerpt":{"rendered":"<p>Charles Darwin schreibt \u00fcber Igelfische in seinem Reisebericht mit der ber\u00fchmten \u201eBeagle\u201c, dass man sie lebend im Magen eines Haies gefunden h\u00e4tte und dass sie sich vom Magen wieder ins Freie durchgefressen h\u00e4tten und den J\u00e4ger dabei t\u00f6teten. In wie weit das der Wahrheit entspricht, sei dahingestellt. Sicher ist: Igelfische sind keine Leckerbissen, denn sie &hellip; <\/p>\n<p class=\"link-more\"><a href=\"https:\/\/alles-ueber-riffe.de\/?page_id=1342\" class=\"more-link\"><span class=\"screen-reader-text\">\u201eAlles \u00fcber Igelfische\u201c<\/span> weiterlesen<\/a><\/p>\n","protected":false},"author":1,"featured_media":0,"parent":0,"menu_order":0,"comment_status":"closed","ping_status":"closed","template":"","meta":{"footnotes":""},"class_list":["post-1342","page","type-page","status-publish","hentry"],"_links":{"self":[{"href":"https:\/\/alles-ueber-riffe.de\/index.php?rest_route=\/wp\/v2\/pages\/1342","targetHints":{"allow":["GET"]}}],"collection":[{"href":"https:\/\/alles-ueber-riffe.de\/index.php?rest_route=\/wp\/v2\/pages"}],"about":[{"href":"https:\/\/alles-ueber-riffe.de\/index.php?rest_route=\/wp\/v2\/types\/page"}],"author":[{"embeddable":true,"href":"https:\/\/alles-ueber-riffe.de\/index.php?rest_route=\/wp\/v2\/users\/1"}],"replies":[{"embeddable":true,"href":"https:\/\/alles-ueber-riffe.de\/index.php?rest_route=%2Fwp%2Fv2%2Fcomments&post=1342"}],"version-history":[{"count":1,"href":"https:\/\/alles-ueber-riffe.de\/index.php?rest_route=\/wp\/v2\/pages\/1342\/revisions"}],"predecessor-version":[{"id":1343,"href":"https:\/\/alles-ueber-riffe.de\/index.php?rest_route=\/wp\/v2\/pages\/1342\/revisions\/1343"}],"wp:attachment":[{"href":"https:\/\/alles-ueber-riffe.de\/index.php?rest_route=%2Fwp%2Fv2%2Fmedia&parent=1342"}],"curies":[{"name":"wp","href":"https:\/\/api.w.org\/{rel}","templated":true}]}}