{"id":1332,"date":"2024-10-29T13:34:45","date_gmt":"2024-10-29T13:34:45","guid":{"rendered":"https:\/\/alles-ueber-riffe.de\/?page_id=1332"},"modified":"2024-10-29T13:34:45","modified_gmt":"2024-10-29T13:34:45","slug":"alles-ueber-grundeln","status":"publish","type":"page","link":"https:\/\/alles-ueber-riffe.de\/?page_id=1332","title":{"rendered":"Alles \u00fcber Grundeln"},"content":{"rendered":"\n<p>Zu den Grundeln geh\u00f6rt das Wirbeltier mit der k\u00fcrzesten Lebenszeit. Ganze 59 Tage schafft die kleine, maximal zwei Zentimeter gro\u00dfe,&nbsp;r\u00f6tlichen Grundel: Eviota sigillata. Noch ein weiterer Rekord dieser Fischfamilie: Sie&nbsp;sind mit ca. 1700 Arten die artenreichste Gruppe aller Meeresfische. Immer wieder werden neue Arten entdeckt. Die Ursache findet man in dem hohen Anteil endemischer Arten, die oft nur in einem kleinen Gebiet vorkommen. Selbst an Land kommen einige Arten zurecht. Schlammspringer geh\u00f6ren zu den Grenzg\u00e4ngern zwischen Land und Meer.<\/p>\n\n\n\n<p>Grundeln sind in der Regel kleine Fische, die selten gr\u00f6\u00dfer als 15 cm werden. Als Biotop bevorzugen sie den Meeresboden und je nach Art Sand, Felsen, oder Korallen. Im Laufe der Evolution haben sie sich perfekt an diesen Lebensraum angepasst. Das Fehlen einer Schwimmblase geh\u00f6rt ebenso dazu wie die speziellen Bauchflossen, die bei vielen Arten zu einer<em>&nbsp;<\/em>Saugscheibe zusammengewachsen sind.&nbsp;<\/p>\n\n\n\n<p>Grundeln k\u00f6nnen extrem farbenpr\u00e4chtig, aber auch<em>&nbsp;<\/em>auch v\u00f6llig unscheinbar sein. Als J\u00e4ger fressen sie Wirbellose, Plankton, und kleine Fische. Die Eier werden in der Regel am Substrat befestigt. Die juvenilen Fische der meisten Arten entfernen sich selten weit von ihrem Geburtsort.<\/p>\n\n\n\n<p>Die gro\u00dfe Familie, der im Meer lebenden Grundeln, kann man in vier gro\u00dfe Gruppen einteilen:<\/p>\n\n\n\n<ul class=\"wp-block-list\">\n<li>Die \u201eSymbiosegrundeln\u201c, die in Gemeinschaft mit Krebsen und Garnelen leben.<\/li>\n\n\n\n<li>Die \u201eKommensalismusgrundeln\u201c, die in Gemeinschaft mit niederen Tieren wie Korallen leben, ohne diesen zu schaden oder zu nutzen.<\/li>\n\n\n\n<li>Die \u201eMikrogrundeln\u201c, die maximal 4 cm gro\u00df werden.<\/li>\n\n\n\n<li>Die \u201eSchlamm- und Sandgrundeln\u201c, die nicht in Gemeinschaft mit anderen Arten leben.<\/li>\n<\/ul>\n\n\n\n<p>Ca. 1700 Arten in ca. 250 Gattungen sind beschrieben.<\/p>\n\n\n\n<p>Grundeln leben in allen Bereichen der Ozeane, als auch im Brack- und S\u00fc\u00dfwasser.<\/p>\n","protected":false},"excerpt":{"rendered":"<p>Zu den Grundeln geh\u00f6rt das Wirbeltier mit der k\u00fcrzesten Lebenszeit. Ganze 59 Tage schafft die kleine, maximal zwei Zentimeter gro\u00dfe,&nbsp;r\u00f6tlichen Grundel: Eviota sigillata. Noch ein weiterer Rekord dieser Fischfamilie: Sie&nbsp;sind mit ca. 1700 Arten die artenreichste Gruppe aller Meeresfische. Immer wieder werden neue Arten entdeckt. Die Ursache findet man in dem hohen Anteil endemischer Arten, &hellip; <\/p>\n<p class=\"link-more\"><a href=\"https:\/\/alles-ueber-riffe.de\/?page_id=1332\" class=\"more-link\"><span class=\"screen-reader-text\">\u201eAlles \u00fcber Grundeln\u201c<\/span> weiterlesen<\/a><\/p>\n","protected":false},"author":1,"featured_media":0,"parent":0,"menu_order":0,"comment_status":"closed","ping_status":"closed","template":"","meta":{"footnotes":""},"class_list":["post-1332","page","type-page","status-publish","hentry"],"_links":{"self":[{"href":"https:\/\/alles-ueber-riffe.de\/index.php?rest_route=\/wp\/v2\/pages\/1332","targetHints":{"allow":["GET"]}}],"collection":[{"href":"https:\/\/alles-ueber-riffe.de\/index.php?rest_route=\/wp\/v2\/pages"}],"about":[{"href":"https:\/\/alles-ueber-riffe.de\/index.php?rest_route=\/wp\/v2\/types\/page"}],"author":[{"embeddable":true,"href":"https:\/\/alles-ueber-riffe.de\/index.php?rest_route=\/wp\/v2\/users\/1"}],"replies":[{"embeddable":true,"href":"https:\/\/alles-ueber-riffe.de\/index.php?rest_route=%2Fwp%2Fv2%2Fcomments&post=1332"}],"version-history":[{"count":1,"href":"https:\/\/alles-ueber-riffe.de\/index.php?rest_route=\/wp\/v2\/pages\/1332\/revisions"}],"predecessor-version":[{"id":1333,"href":"https:\/\/alles-ueber-riffe.de\/index.php?rest_route=\/wp\/v2\/pages\/1332\/revisions\/1333"}],"wp:attachment":[{"href":"https:\/\/alles-ueber-riffe.de\/index.php?rest_route=%2Fwp%2Fv2%2Fmedia&parent=1332"}],"curies":[{"name":"wp","href":"https:\/\/api.w.org\/{rel}","templated":true}]}}