{"id":1328,"date":"2024-10-29T13:33:40","date_gmt":"2024-10-29T13:33:40","guid":{"rendered":"https:\/\/alles-ueber-riffe.de\/?page_id=1328"},"modified":"2024-10-29T13:33:40","modified_gmt":"2024-10-29T13:33:40","slug":"alles-ueber-glas-und-beilbauchfische","status":"publish","type":"page","link":"https:\/\/alles-ueber-riffe.de\/?page_id=1328","title":{"rendered":"Alles \u00fcber Glas- und Beilbauchfische"},"content":{"rendered":"\n<p>Die kleinen Glasfische erscheinen fast durchsichtig, die etwas gr\u00f6\u00dferen Beilbauchfische weniger. Glasfische leben in gro\u00dfen Schw\u00e4rmen, die wie Wolken vor H\u00f6hleneing\u00e4ngen stehen. Beilbauchfische bevorzugen ebenfalls Grotten und H\u00f6hlen,&nbsp;ihre Schw\u00e4rme aber sind kleiner. Daf\u00fcr huschen sie als eindrucksvolle, dunkle Silhouetten<em>&nbsp;<\/em>durch das Halbdunkelihres Lebensraumes. Glas- und Beilbauchfische leben tags\u00fcber in H\u00f6hlen, weil sie nachtaktiv sind. Im Schein der Sterne und des Mondes jagen sie nach Plankton und werden ihrerseits Opfer anderer nachtaktiver J\u00e4ger wie z.B. Rotfeuerfische.<\/p>\n\n\n\n<p>27 Arten in zwei Gattungen sind beschrieben.<\/p>\n\n\n\n<p>Glas- und Beilbauchfische leben in den tropischen Bereichen aller Ozeane.<\/p>\n","protected":false},"excerpt":{"rendered":"<p>Die kleinen Glasfische erscheinen fast durchsichtig, die etwas gr\u00f6\u00dferen Beilbauchfische weniger. Glasfische leben in gro\u00dfen Schw\u00e4rmen, die wie Wolken vor H\u00f6hleneing\u00e4ngen stehen. Beilbauchfische bevorzugen ebenfalls Grotten und H\u00f6hlen,&nbsp;ihre Schw\u00e4rme aber sind kleiner. Daf\u00fcr huschen sie als eindrucksvolle, dunkle Silhouetten&nbsp;durch das Halbdunkelihres Lebensraumes. Glas- und Beilbauchfische leben tags\u00fcber in H\u00f6hlen, weil sie nachtaktiv sind. Im Schein &hellip; <\/p>\n<p class=\"link-more\"><a href=\"https:\/\/alles-ueber-riffe.de\/?page_id=1328\" class=\"more-link\"><span class=\"screen-reader-text\">\u201eAlles \u00fcber Glas- und Beilbauchfische\u201c<\/span> weiterlesen<\/a><\/p>\n","protected":false},"author":1,"featured_media":0,"parent":0,"menu_order":0,"comment_status":"closed","ping_status":"closed","template":"","meta":{"footnotes":""},"class_list":["post-1328","page","type-page","status-publish","hentry"],"_links":{"self":[{"href":"https:\/\/alles-ueber-riffe.de\/index.php?rest_route=\/wp\/v2\/pages\/1328","targetHints":{"allow":["GET"]}}],"collection":[{"href":"https:\/\/alles-ueber-riffe.de\/index.php?rest_route=\/wp\/v2\/pages"}],"about":[{"href":"https:\/\/alles-ueber-riffe.de\/index.php?rest_route=\/wp\/v2\/types\/page"}],"author":[{"embeddable":true,"href":"https:\/\/alles-ueber-riffe.de\/index.php?rest_route=\/wp\/v2\/users\/1"}],"replies":[{"embeddable":true,"href":"https:\/\/alles-ueber-riffe.de\/index.php?rest_route=%2Fwp%2Fv2%2Fcomments&post=1328"}],"version-history":[{"count":1,"href":"https:\/\/alles-ueber-riffe.de\/index.php?rest_route=\/wp\/v2\/pages\/1328\/revisions"}],"predecessor-version":[{"id":1329,"href":"https:\/\/alles-ueber-riffe.de\/index.php?rest_route=\/wp\/v2\/pages\/1328\/revisions\/1329"}],"wp:attachment":[{"href":"https:\/\/alles-ueber-riffe.de\/index.php?rest_route=%2Fwp%2Fv2%2Fmedia&parent=1328"}],"curies":[{"name":"wp","href":"https:\/\/api.w.org\/{rel}","templated":true}]}}