{"id":1248,"date":"2024-10-29T11:41:43","date_gmt":"2024-10-29T11:41:43","guid":{"rendered":"https:\/\/alles-ueber-riffe.de\/?page_id=1248"},"modified":"2025-10-24T15:00:27","modified_gmt":"2025-10-24T15:00:27","slug":"flughaehne","status":"publish","type":"page","link":"https:\/\/alles-ueber-riffe.de\/?page_id=1248","title":{"rendered":"Flugh\u00e4hne"},"content":{"rendered":"\n<div class=\"wp-block-group is-vertical is-content-justification-stretch is-layout-flex wp-container-core-group-is-layout-b16ad781 wp-block-group-is-layout-flex\">\n<div class=\"wp-block-group is-vertical is-layout-flex wp-container-core-group-is-layout-b7faace9 wp-block-group-is-layout-flex\">\n<p>Klappen Flugh\u00e4hne bei der Flucht ihre Brustflossen aus, so verf\u00fcnfzehnfacht sich optisch ihr K\u00f6rpervolumen. Der schmale, l\u00e4ngliche<em>&nbsp;<\/em>und unscheinbare, am Sandboden lebende Fisch verwandelt sich pl\u00f6tzlich in einen Schmetterling, bzw. wegen seiner Gr\u00f6\u00dfe bis zu 25 cm zu einem Riesenfalter. <a href=\"https:\/\/alles-ueber-riffe.de\/?page_id=1322\"><mark style=\"background-color:rgba(0, 0, 0, 0)\" class=\"has-inline-color has-vivid-cyan-blue-color\">Weiterlesen&#8230;<\/mark><\/a><\/p>\n<\/div>\n<\/div>\n\n\n\n<h2 class=\"wp-block-heading\">Zu den einzelnen Arten<\/h2>\n\n\n\n<div class=\"wp-block-group is-vertical is-content-justification-stretch is-layout-flex wp-container-core-group-is-layout-b16ad781 wp-block-group-is-layout-flex\">\n<div class=\"wp-block-group is-vertical is-layout-flex wp-container-core-group-is-layout-b7faace9 wp-block-group-is-layout-flex\">\n<div class=\"wp-block-group is-nowrap is-layout-flex wp-container-core-group-is-layout-ad2f72ca wp-block-group-is-layout-flex\">\n<div class=\"wp-block-group\"><div class=\"wp-block-group__inner-container is-layout-constrained wp-block-group-is-layout-constrained\">\n<div class=\"wp-block-group is-vertical is-layout-flex wp-container-core-group-is-layout-8cf370e7 wp-block-group-is-layout-flex\">\n<figure class=\"wp-block-image size-full is-resized\"><a href=\"https:\/\/alles-ueber-riffe.de\/?page_id=4655\"><img loading=\"lazy\" decoding=\"async\" width=\"300\" height=\"200\" src=\"https:\/\/alles-ueber-riffe.de\/wp-content\/uploads\/2024\/11\/Helm-Flughahn_300x200.jpg\" alt=\"\" class=\"wp-image-2007\" style=\"width:519px;height:auto\"\/><\/a><\/figure>\n\n\n\n<p><a href=\"https:\/\/alles-ueber-riffe.de\/?page_id=4655\"><mark style=\"background-color:rgba(0, 0, 0, 0)\" class=\"has-inline-color has-vivid-cyan-blue-color\"><strong><em>Dactyloptena orientalis<\/em> \/<\/strong> Helm-Flughahn<\/mark><\/a><\/p>\n<\/div>\n\n\n\n<div style=\"height:50px\" aria-hidden=\"true\" class=\"wp-block-spacer\"><\/div>\n\n\n\n<p><\/p>\n<\/div><\/div>\n<\/div>\n<\/div>\n<\/div>\n","protected":false},"excerpt":{"rendered":"<p>Klappen Flugh\u00e4hne bei der Flucht ihre Brustflossen aus, so verf\u00fcnfzehnfacht sich optisch ihr K\u00f6rpervolumen. Der schmale, l\u00e4ngliche&nbsp;und unscheinbare, am Sandboden lebende Fisch verwandelt sich pl\u00f6tzlich in einen Schmetterling, bzw. wegen seiner Gr\u00f6\u00dfe bis zu 25 cm zu einem Riesenfalter. Weiterlesen&#8230; Zu den einzelnen Arten Dactyloptena orientalis \/ Helm-Flughahn<\/p>\n","protected":false},"author":1,"featured_media":0,"parent":0,"menu_order":0,"comment_status":"closed","ping_status":"closed","template":"","meta":{"footnotes":""},"class_list":["post-1248","page","type-page","status-publish","hentry"],"_links":{"self":[{"href":"https:\/\/alles-ueber-riffe.de\/index.php?rest_route=\/wp\/v2\/pages\/1248","targetHints":{"allow":["GET"]}}],"collection":[{"href":"https:\/\/alles-ueber-riffe.de\/index.php?rest_route=\/wp\/v2\/pages"}],"about":[{"href":"https:\/\/alles-ueber-riffe.de\/index.php?rest_route=\/wp\/v2\/types\/page"}],"author":[{"embeddable":true,"href":"https:\/\/alles-ueber-riffe.de\/index.php?rest_route=\/wp\/v2\/users\/1"}],"replies":[{"embeddable":true,"href":"https:\/\/alles-ueber-riffe.de\/index.php?rest_route=%2Fwp%2Fv2%2Fcomments&post=1248"}],"version-history":[{"count":6,"href":"https:\/\/alles-ueber-riffe.de\/index.php?rest_route=\/wp\/v2\/pages\/1248\/revisions"}],"predecessor-version":[{"id":11797,"href":"https:\/\/alles-ueber-riffe.de\/index.php?rest_route=\/wp\/v2\/pages\/1248\/revisions\/11797"}],"wp:attachment":[{"href":"https:\/\/alles-ueber-riffe.de\/index.php?rest_route=%2Fwp%2Fv2%2Fmedia&parent=1248"}],"curies":[{"name":"wp","href":"https:\/\/api.w.org\/{rel}","templated":true}]}}