{"id":10816,"date":"2025-03-13T20:53:45","date_gmt":"2025-03-13T20:53:45","guid":{"rendered":"https:\/\/alles-ueber-riffe.de\/?page_id=10816"},"modified":"2025-03-17T22:32:12","modified_gmt":"2025-03-17T22:32:12","slug":"unechte-karettschildkroete","status":"publish","type":"page","link":"https:\/\/alles-ueber-riffe.de\/?page_id=10816","title":{"rendered":"Unechte Karettschildkr\u00f6te"},"content":{"rendered":"\n<div class=\"wp-block-group is-vertical is-layout-flex wp-container-core-group-is-layout-8cf370e7 wp-block-group-is-layout-flex\">\n<p><strong>Unechte Karettschildkr\u00f6te<\/strong><\/p>\n\n\n\n<p>Loggerhead sea turtle<\/p>\n\n\n\n<p><em>Caretta caretta<\/em><\/p>\n<\/div>\n\n\n\n<div style=\"height:30px\" aria-hidden=\"true\" class=\"wp-block-spacer\"><\/div>\n\n\n\n<figure class=\"wp-block-video\"><video height=\"576\" style=\"aspect-ratio: 1024 \/ 576;\" width=\"1024\" controls src=\"https:\/\/alles-ueber-riffe.de\/wp-content\/uploads\/2025\/03\/Unechte_Karettschildkroete-1024x576-1.mp4\"><\/video><figcaption class=\"wp-element-caption\">\u00a9 Heinz Krimmer<\/figcaption><\/figure>\n\n\n\n<hr class=\"wp-block-separator has-alpha-channel-opacity is-style-default\"\/>\n\n\n\n<p><strong>Gr\u00f6\u00dfe: <\/strong> bis 1,20<\/p>\n\n\n\n<p><strong>Lebensraum:<\/strong> juvenile Tiere pelagisch; adulte Tiere im Riff und in Seegraswiesen<\/p>\n\n\n\n<p><strong>Vorkommen:  <\/strong>alle tropischen und subtropischen Zonen aller Ozeane<\/p>\n\n\n\n<p><strong>Erkennungsmerkmale:<\/strong> f\u00fcnf paar Seitenschilder; zwei Krallen an den Vorderflossen<\/p>\n\n\n\n<p><strong>Biologie &amp; Verhalten: <\/strong> Weibliche Unechte Karettschildkr\u00f6ten sind streits\u00fcchtig.. Sie zeigen&nbsp;&nbsp;territoriales Verhalten, wenn es um Futterpl\u00e4tze geht. Dabei kann es durchaus auch zum Kampf kommen.<\/p>\n\n\n\n<p>Auch bei der Fortpflanzung gibt es Besonderheiten. Unechte Karettschildkr\u00f6ten werden mit ca.17 Jahren sehr sp\u00e4t geschlechtsreif.&nbsp;&nbsp;Daf\u00fcr k\u00f6nnen sie sich mit mehreren M\u00e4nnchen paaren und deren Samen in ihrem K\u00f6rper speichern, um sp\u00e4ter damit die Eier zu befruchten. Der gr\u00f6\u00dfte Nistplatz im Indopazifik befindet sich auf der Insel Masirah im Oman. Bis zu 30.000 Weibchen legen dort ihre Eier ab.<\/p>\n\n\n\n<p>Die Unechte Karettschildkr\u00f6te ist ein Allesfresser. Seegras wird genauso verspeist wie Seeigel, Quallen, Krebse, Seegurken und was sich sonst noch erwischen l\u00e4sst. Selbst vor der eigenen Brut schreckt man nicht zur\u00fcck.<\/p>\n\n\n\n<p>All diese Eigenschaften klingen nach starkem \u00dcberlebenswillen, doch auch diese Schildkr\u00f6te ist im Bestand gef\u00e4hrdet. Die meisten ersticken als Beifang in den Fischernetzen.<\/p>\n\n\n\n<p><strong>Bedrohungsstatus:<\/strong> Die Art wird auf der Roten Liste der IUCN als <mark style=\"background-color:rgba(0, 0, 0, 0)\" class=\"has-inline-color has-vivid-red-color\">\u201egef\u00e4hrdet\u201c<\/mark> gef\u00fchrt.<\/p>\n\n\n\n<hr class=\"wp-block-separator has-alpha-channel-opacity is-style-default\"\/>\n\n\n\n<p><\/p>\n","protected":false},"excerpt":{"rendered":"<p>Unechte Karettschildkr\u00f6te Loggerhead sea turtle Caretta caretta Gr\u00f6\u00dfe: bis 1,20 Lebensraum: juvenile Tiere pelagisch; adulte Tiere im Riff und in Seegraswiesen Vorkommen: alle tropischen und subtropischen Zonen aller Ozeane Erkennungsmerkmale: f\u00fcnf paar Seitenschilder; zwei Krallen an den Vorderflossen Biologie &amp; Verhalten: Weibliche Unechte Karettschildkr\u00f6ten sind streits\u00fcchtig.. Sie zeigen&nbsp;&nbsp;territoriales Verhalten, wenn es um Futterpl\u00e4tze geht. Dabei &hellip; <\/p>\n<p class=\"link-more\"><a href=\"https:\/\/alles-ueber-riffe.de\/?page_id=10816\" class=\"more-link\"><span class=\"screen-reader-text\">\u201eUnechte Karettschildkr\u00f6te\u201c<\/span> weiterlesen<\/a><\/p>\n","protected":false},"author":1,"featured_media":0,"parent":0,"menu_order":0,"comment_status":"closed","ping_status":"closed","template":"","meta":{"footnotes":""},"class_list":["post-10816","page","type-page","status-publish","hentry"],"_links":{"self":[{"href":"https:\/\/alles-ueber-riffe.de\/index.php?rest_route=\/wp\/v2\/pages\/10816","targetHints":{"allow":["GET"]}}],"collection":[{"href":"https:\/\/alles-ueber-riffe.de\/index.php?rest_route=\/wp\/v2\/pages"}],"about":[{"href":"https:\/\/alles-ueber-riffe.de\/index.php?rest_route=\/wp\/v2\/types\/page"}],"author":[{"embeddable":true,"href":"https:\/\/alles-ueber-riffe.de\/index.php?rest_route=\/wp\/v2\/users\/1"}],"replies":[{"embeddable":true,"href":"https:\/\/alles-ueber-riffe.de\/index.php?rest_route=%2Fwp%2Fv2%2Fcomments&post=10816"}],"version-history":[{"count":3,"href":"https:\/\/alles-ueber-riffe.de\/index.php?rest_route=\/wp\/v2\/pages\/10816\/revisions"}],"predecessor-version":[{"id":10939,"href":"https:\/\/alles-ueber-riffe.de\/index.php?rest_route=\/wp\/v2\/pages\/10816\/revisions\/10939"}],"wp:attachment":[{"href":"https:\/\/alles-ueber-riffe.de\/index.php?rest_route=%2Fwp%2Fv2%2Fmedia&parent=10816"}],"curies":[{"name":"wp","href":"https:\/\/api.w.org\/{rel}","templated":true}]}}